.
65
What is the highest common factor of 48 and 48?
48
What is the greatest common factor of 21 and 1239?
21
What is the highest common factor of 899 and 279?
31
What is the greatest common divisor of 352 and 308?
44
Calculate the greatest common divisor of 18 and 162.
18
What is the greatest common factor of 240 and 6144?
48
Calculate the greatest common divisor of 5 and 87.
1
What is the highest common factor of 260 and 104?
52
Calculate the greatest common divisor of 8 and 12.
4
What is the greatest common factor of 108 and 2400?
12
Calculate the highest common divisor of 127 and 19939.
127
What is the highest common divisor of 1271 and 41?
41
What is the greatest common divisor of 1240 and 40?
40
What is the highest common factor of 3991 and 13?
13
Calculate the highest common divisor of 37444 and 23.
23
What is the greatest common factor of 391 and 17?
17
What is the greatest common factor of 851 and 46?
23
What is the highest common divisor of 4 and 172?
4
Calculate the greatest common factor of 3096 and 45.
9
Calculate the highest common divisor of 810 and 10.
10
Calculate the greatest common factor of 2 and 142.
2
What is the greatest common divisor of 20838 and 138?
138
Calculate the highest common factor of 1659 and 13746.
237
Calculate the greatest common factor of 304 and 988.
76
Calculate the greatest common divisor of 170 and 120.
10
What is the highest common factor of 2067 and 39?
39
What is the greatest common factor of 78 and 351?
39
What is the greatest common divisor of 100 and 650?
50
What is the highest common divisor of 530 and 1?
1
What is the highest common divisor of 5676 and 330?
66
What is the highest common factor of 1147 and 185?
37
What is the highest common divisor of 84 and 2940?
84
What is the greatest common factor of 60 and 9150?
30
What is the highest common factor of 35 and 335?
5
Calculate the greatest common factor of 1053 and 468.
117
What is the highest common factor of 182 and 182?
182
Calculate the highest common divisor of 11466 and 936.
234
What is the highest common factor of 2 and 195?
1
What is the greatest common factor of 174 and 580?
58
What is the greatest common factor of 7254 and 351?
117
What is the greatest common factor of 442 and 65?
13
Calculate the highest common divisor of 112 and 868.
28
What is the highest common factor of 17 and 5287?
17
What is the greatest common factor of 15 and 1440?
15
What is the highest common factor of 8 and 420?
4
What is the greatest common factor of 63 and 567?
63
What is the greatest common factor of 4208 and 16?
16
What is the greatest common factor of 522 and 1080?
18
Calculate the greatest common divisor of 1488 and 240.
48
What is the highest common divisor of 7889 and 196?
49
Calculate the greatest common divisor of 328 and 8.
8
What is the highest common divisor of 702 and 2376?
54
Calculate the greatest common factor of 11 and 32659.
11
Calculate the greatest common factor of 27677 and 13.
13
What is the greatest common factor of 1088 and 748?
68
Calculate the highest common divisor of 41 and 328.
41
What is the highest common divisor of 295 and 2183?
59
Calculate the greatest common divisor of 1067 and 1243.
11
Calculate the greatest common factor of 1001 and 1463.
77
Calculate the greatest common divisor of 18 and 78624.
18
What is the highest common divisor of 6282 and 72?
18
Calculate the greatest common divisor of 74 and 16.
2
Calculate the greatest common divisor of 404 and 12.
4
Calculate the highest common divisor of 4960 and 8.
8
What is the highest common factor of 5 and 305?
5
Calculate the greatest common factor of 19 and 32965.
19
Calculate the highest common divisor of 135 and 1935.
45
What is the highest common divisor of 748 and 88?
44
What is the highest common factor of 5236 and 680?
68
What is the greatest common factor of 221 and 2159?
17
What is the highest common factor of 6820 and 440?
220
Calculate the greatest common factor of 72 and 936.
72
Calculate the highest common divisor of 66 and 66.
66
Calculate the greatest common divisor of 21 and 2513.
7
Calculate the greatest common factor of 33 and 682.
11
What is the highest common factor of 138 and 6?
6
Calculate the greatest common factor of 3040 and 400.
80
Calculate the highest common divisor of 31200 and 320.
160
What is the greatest common factor of 13 and 65?
13
What is the greatest common divisor of 12 and 5?
1
What is the greatest common divisor of 7560 and 216?
216
What is the highest common divisor of 3765 and 195?
15
What is the highest common factor of 672 and 42?
42
Calculate the greatest common factor of 2176 and 17.
17
Calculate the greatest common factor of 6426 and 14.
14
What is the highest common divisor of 11 and 2794?
11
What is the greatest common divisor of 20 and 958?
2
Calculate the highest common factor of 6 and 128.
2
Calculate the highest common factor of 370 and 90.
10
Calculate the highest common factor of 36 and 12.
12
Calculate the highest common divisor of 16 and 664.
8
Calculate the highest common factor of 65 and 4355.
65
Calculate the highest common factor of 9 and 569.
1
Calculate the highest common factor of 1820 and 1680.
140
Calculate the greatest common divisor of 18 and 99.
9
Calculate the highest common divisor of 220 and 16.
4
What is the greatest common factor of 145 and 5?
5
What is the greatest common factor of 80 and 45?
5
Calculate the greatest common factor of 1780 and 320.
20
Calculate the highest common factor of 130 and 65.
65
What is the greatest common divisor of 21 and 756?
21
What is the greatest common divisor of 56 and 126?
14
What is the greatest common divisor of 9396 and 972?
324
What is the greatest common factor of 13 and 455?
13
Calculate the greatest common divisor of 110 and 4851.
11
Calculate the highest common divisor of 74 and 2294.
74
What is the highest common factor of 189 and 49?
7
Calculate the highest common divisor of 49 and 2.
1
What is the highest common factor of 41 and 32267?
41
Calculate the greatest common factor of 12566 and 412.
206
What is the greatest common divisor of 1088 and 17?
17
What is the highest common divisor of 8308 and 496?
124
Calculate the greatest common factor of 368 and 1196.
92
Calculate the highest common divisor of 8 and 568.
8
Calculate the greatest common divisor of 455 and 105.
35
What is the highest common factor of 4209 and 1518?
69
Calculate the greatest common factor of 3 and 9.
3
Calculate the greatest common divisor of 7860 and 60.
60
Calculate the highest common divisor of 56 and 1484.
28
Calculate the greatest common factor of 12894 and 42.
42
Calculate the highest common factor of 1395 and 3906.
279
What is the highest common divisor of 33 and 374?
11
Calculate the greatest common factor of 24 and 32.
8
Calculate the highest common divisor of 620 and 279.
31
What is the highest common factor of 22 and 1166?
22
Calculate the highest common factor of 54 and 54.
54
What is the greatest common divisor of 3 and 93?
3
What is the highest common divisor of 4 and 2314?
2
Calculate the highest common divisor of 145 and 1044.
29
What is the highest common factor of 14 and 50162?
14
What is the highest common divisor of 65 and 78?
13
What is the highest common factor of 649 and 1770?
59
Calculate the greatest common divisor of 3160 and 80.
40
Calculate the highest common factor of 6987 and 102.
51
Calculate the greatest common divisor of 1710 and 418.
38
What is the highest common factor of 79 and 79?
79
Calculate the highest common factor of 137 and 6713.
137
Calculate the greatest common factor of 29592 and 48.
24
Calculate the highest common factor of 1037 and 493.
17
Calculate the greatest common factor of 19123 and 26.
13
What is the highest common factor of 16 and 40?
8
What is the highest common factor of 202 and 12?
2
What is the greatest common divisor of 284 and 71?
71
What is the highest common divisor of 3008 and 1472?
64
Calculate the greatest common divisor of 900 and 10.
10
What is the greatest common divisor of 72 and 15210?
18
What is the greatest common divisor of 5322 and 6?
6
What is the greatest common factor of 60676 and 308?
308
What is the highest common divisor of 156 and 52?
52
What is the greatest common factor of 56 and 161?
7
Calc